{"id":36,"date":"2020-08-11T14:18:37","date_gmt":"2020-08-11T14:18:37","guid":{"rendered":"https:\/\/ranch19.com\/?page_id=36"},"modified":"2020-08-12T09:55:26","modified_gmt":"2020-08-12T09:55:26","slug":"couleurs","status":"publish","type":"page","link":"https:\/\/ranch19.com\/?page_id=36","title":{"rendered":"Couleurs"},"content":{"rendered":"\n<p style=\"font-size:19px\">\u00a0<strong>G\u00e9n\u00e9tique \/ couleurs officielles<\/strong><\/p>\n\n\n\n<div class=\"wp-block-group\"><div class=\"wp-block-group__inner-container is-layout-flow wp-block-group-is-layout-flow\">\n<div class=\"wp-block-image\"><figure class=\"alignright size-large\"><img loading=\"lazy\" decoding=\"async\" width=\"120\" height=\"90\" src=\"https:\/\/ranch19.com\/wp-content\/uploads\/2020\/08\/Black.jpg\" alt=\"\" class=\"wp-image-137\"\/><\/figure><\/div>\n<\/div><\/div>\n\n\n\n<p class=\"has-text-align-left\">Black :<br>Tout le corps, est noir; la couleur peut p\u00e2lir (brunir) lorsqu&rsquo;elle est expos\u00e9e au soleil, elle peut avoir teinte \u00ab\u00a0rouille\u00a0\u00bb pendant certaines p\u00e9riodes de l&rsquo;ann\u00e9e. Les poulains \u00e0 la naissance peuvent \u00eatre gris souris, brun, puis la couleur vire au noir.<\/p>\n\n\n\n<div class=\"wp-block-image\"><figure class=\"alignright size-large\"><img loading=\"lazy\" decoding=\"async\" width=\"120\" height=\"90\" src=\"https:\/\/ranch19.com\/wp-content\/uploads\/2020\/08\/Brown.jpg\" alt=\"\" class=\"wp-image-141\"\/><\/figure><\/div>\n\n\n\n<p>Brown :<br>Corps de couleur brun ou noir, avec des zones claires au museau, les yeux, les flancs et \u00e0 l&rsquo;int\u00e9rieur cuisses; la crini\u00e8re et la queue sont g\u00e9n\u00e9ralement noires.<\/p>\n\n\n\n<div class=\"wp-block-image\"><figure class=\"alignright size-large\"><img loading=\"lazy\" decoding=\"async\" width=\"120\" height=\"90\" src=\"https:\/\/ranch19.com\/wp-content\/uploads\/2020\/08\/Bay.jpg\" alt=\"\" class=\"wp-image-142\"\/><\/figure><\/div>\n\n\n\n<p>Bay :<br>Corps de couleur brun rouge\u00e2tre, avec des variations allant du clair au fon\u00e7\u00e9, habituellement la crini\u00e8re et la queue sont noires.<\/p>\n\n\n\n<div class=\"wp-block-image\"><figure class=\"alignright size-large\"><img loading=\"lazy\" decoding=\"async\" width=\"120\" height=\"90\" src=\"https:\/\/ranch19.com\/wp-content\/uploads\/2020\/08\/Bayroan.jpg\" alt=\"\" class=\"wp-image-143\"\/><\/figure><\/div>\n\n\n\n<p>Bay Roan :<br>Un m\u00e9lange de bay et de poils blancs; &nbsp;la crini\u00e8re et la queue sont g\u00e9n\u00e9ralement solides ou plus fonc\u00e9e.<\/p>\n\n\n\n<div class=\"wp-block-image\"><figure class=\"alignright size-large\"><img loading=\"lazy\" decoding=\"async\" width=\"120\" height=\"90\" src=\"https:\/\/ranch19.com\/wp-content\/uploads\/2020\/08\/Blueroan.jpg\" alt=\"\" class=\"wp-image-144\"\/><\/figure><\/div>\n\n\n\n<p>Blue Roan :<br>Le m\u00e9lange global de poils blancs avec une couleur du corps noir, t\u00eate, jambes, la crini\u00e8re et la queue sont g\u00e9n\u00e9ralement solides ou plus fonc\u00e9es.<\/p>\n\n\n\n<div class=\"wp-block-image\"><figure class=\"alignright size-large\"><img loading=\"lazy\" decoding=\"async\" width=\"120\" height=\"90\" src=\"https:\/\/ranch19.com\/wp-content\/uploads\/2020\/08\/Buckskin.jpg\" alt=\"\" class=\"wp-image-145\"\/><\/figure><\/div>\n\n\n\n<p>Buckskin :<br>Jaun\u00e2tre, couleur de corps ou de l&rsquo;or, la crini\u00e8re et la queue noires; noir sur bas des jambes; manque de marques primitives.<\/p>\n\n\n\n<div class=\"wp-block-image\"><figure class=\"alignright size-large\"><img loading=\"lazy\" decoding=\"async\" width=\"120\" height=\"90\" src=\"https:\/\/ranch19.com\/wp-content\/uploads\/2020\/08\/Dun.jpg\" alt=\"\" class=\"wp-image-148\"\/><\/figure><\/div>\n\n\n\n<p>Dun :<br>couleur du corps est jaun\u00e2tre ou dilu\u00e9e d&rsquo;or; crini\u00e8re et la queue sont noires ou brun; a rayure dorsale et g\u00e9n\u00e9ralement z\u00e9brures sur les jambes et d&rsquo;une bande transversale sur le garrot.<\/p>\n\n\n\n<div class=\"wp-block-image\"><figure class=\"alignright size-large\"><img loading=\"lazy\" decoding=\"async\" width=\"120\" height=\"90\" src=\"https:\/\/ranch19.com\/wp-content\/uploads\/2020\/08\/Gray.jpg\" alt=\"\" class=\"wp-image-149\"\/><\/figure><\/div>\n\n\n\n<p>Gray:<br>Dominante sur tous les g\u00e8nes d&rsquo;une autre couleur, n\u00e9 de n&rsquo;importe quelle couleur de cheveux blancs tourner progressivement le blanc manteau avec le vieillissement de cheval, peau fonc\u00e9e; Grays est normalement la premi\u00e8re autour des yeux et derri\u00e8re les oreilles.<\/p>\n\n\n\n<div class=\"wp-block-image\"><figure class=\"alignright size-large\"><img loading=\"lazy\" decoding=\"async\" width=\"120\" height=\"90\" src=\"https:\/\/ranch19.com\/wp-content\/uploads\/2020\/08\/Grullo.jpg\" alt=\"\" class=\"wp-image-150\"\/><\/figure><\/div>\n\n\n\n<p>Grullo :<br>une forme de Dun avec Smoky couleur de corps ou de souris de couleur (pas un m\u00e9lange de poils noirs et blancs, mais chaque souris cheveux color\u00e9s), noire crini\u00e8re et la queue, a black marques primitives.<\/p>\n\n\n\n<div class=\"wp-block-image\"><figure class=\"alignright size-large\"><img loading=\"lazy\" decoding=\"async\" width=\"120\" height=\"90\" src=\"https:\/\/ranch19.com\/wp-content\/uploads\/2020\/08\/Perlino.jpg\" alt=\"\" class=\"wp-image-152\"\/><\/figure><\/div>\n\n\n\n<p>Perlino :<br>double dilution de la baie \/ brun d&rsquo;o\u00f9 la couleur du corps de cr\u00e8me ou blanc cass\u00e9, du bas des jambes, la crini\u00e8re et la queue rouille l\u00e9g\u00e8re au chocolat ou \u00e0 l&rsquo;ombre, la peau est ros\u00e2tre ou gris, les yeux sont bleus ou jaunes, le manteau a assez de teinte jaune pour permettre blanc inscriptions qui doivent \u00eatre visibles.<\/p>\n\n\n\n<div class=\"wp-block-image\"><figure class=\"alignleft size-large\"><img loading=\"lazy\" decoding=\"async\" width=\"120\" height=\"90\" src=\"https:\/\/ranch19.com\/wp-content\/uploads\/2020\/08\/Chestnut.jpg\" alt=\"\" class=\"wp-image-146\"\/><\/figure><\/div>\n\n\n\n<p>Chesnut :<br>couleur de corps rouge fonc\u00e9 ou rouge brun\u00e2tre; gamme de tr\u00e8s l\u00e9ger \u00e0 alezan, alezan peut \u00eatre distingu\u00e9 de noir ou de brun que par la m\u00e9daille de bronze ou de cuivre faits saillants sur les jambes, la crini\u00e8re et la queue habituellement rouge fonc\u00e9 ou rouge brun\u00e2tre, mais mai \u00eatre blonde .<\/p>\n\n\n\n<div class=\"wp-block-image\"><figure class=\"alignleft size-large\"><img loading=\"lazy\" decoding=\"async\" width=\"120\" height=\"90\" src=\"https:\/\/ranch19.com\/wp-content\/uploads\/2020\/08\/Cremello.jpg\" alt=\"\" class=\"wp-image-147\"\/><\/figure><\/div>\n\n\n\n<p>Cremello :<br>double dilution du marron \/ sorell traduit par la couleur du corps, la crini\u00e8re et la queue de la cr\u00e8me ou blanc cass\u00e9 avec la peau rose p\u00e2le, le manteau a assez de teinte jaune pour permettre marques blanches pour \u00eatre visible, les yeux sont bleus ou jaunes.<\/p>\n\n\n\n<div class=\"wp-block-image\"><figure class=\"alignleft size-large\"><img loading=\"lazy\" decoding=\"async\" width=\"120\" height=\"90\" src=\"https:\/\/ranch19.com\/wp-content\/uploads\/2020\/08\/Palomino.jpg\" alt=\"\" class=\"wp-image-151\"\/><\/figure><\/div>\n\n\n\n<p>Palomino :<br>couleur du corps varie de dilution riches en or jaune p\u00e2le \u00e0 la crini\u00e8re et la queue g\u00e9n\u00e9ralement p\u00e2le ou hors de couleur blanche, mais mai \u00eatre la m\u00eame que le corps (avec des points de non-noire).<\/p>\n\n\n\n<div class=\"wp-block-image\"><figure class=\"alignleft size-large\"><img loading=\"lazy\" decoding=\"async\" width=\"120\" height=\"90\" src=\"https:\/\/ranch19.com\/wp-content\/uploads\/2020\/08\/Reddun.jpg\" alt=\"\" class=\"wp-image-153\"\/><\/figure><\/div>\n\n\n\n<p>Red Dun :<br>une forme de Dun avec jaun\u00e2tre couleur de corps ou de couleur chair; crini\u00e8re et la queue sont de couleur rouge ou rouge\u00e2tre; a le rouge ou rouge\u00e2tre inscriptions primitives.<\/p>\n\n\n\n<div class=\"wp-block-image\"><figure class=\"alignleft size-large\"><img loading=\"lazy\" decoding=\"async\" width=\"120\" height=\"90\" src=\"https:\/\/ranch19.com\/wp-content\/uploads\/2020\/08\/Redroan.jpg\" alt=\"\" class=\"wp-image-154\"\/><\/figure><\/div>\n\n\n\n<p>Red Roan :<br>Le m\u00e9lange de poils blancs globale de marron \/ color oseille corps: t\u00eate, bras inf\u00e9rieurs, la marque et la queue sont g\u00e9n\u00e9ralement oseille ou rouge fonc\u00e9; n&rsquo;obtient pas plus blanc progressivement avec l&rsquo;\u00e2ge.<\/p>\n\n\n\n<div class=\"wp-block-image\"><figure class=\"alignleft size-large\"><img loading=\"lazy\" decoding=\"async\" width=\"120\" height=\"90\" src=\"https:\/\/ranch19.com\/wp-content\/uploads\/2020\/08\/Sorrel.jpg\" alt=\"\" class=\"wp-image-155\"\/><\/figure><\/div>\n\n\n\n<p>Sorrel :<br>Rouge couleur de corps ou de cuivre-rouge, la crini\u00e8re et la queue de couleur en g\u00e9n\u00e9ral m\u00eame corps, mais mai \u00eatre blonds ou brun tr\u00e8s fonc\u00e9.<\/p>\n\n\n\n<div class=\"wp-block-image\"><figure class=\"aligncenter size-large is-resized\"><img loading=\"lazy\" decoding=\"async\" src=\"https:\/\/ranch19.com\/wp-content\/uploads\/2020\/08\/colors_2-663x1024.jpg\" alt=\"\" class=\"wp-image-133\" width=\"891\" height=\"1375\" srcset=\"https:\/\/ranch19.com\/wp-content\/uploads\/2020\/08\/colors_2-663x1024.jpg 663w, https:\/\/ranch19.com\/wp-content\/uploads\/2020\/08\/colors_2-194x300.jpg 194w, https:\/\/ranch19.com\/wp-content\/uploads\/2020\/08\/colors_2-230x356.jpg 230w\" sizes=\"(max-width: 891px) 100vw, 891px\" \/><\/figure><\/div>\n","protected":false},"excerpt":{"rendered":"<p>\u00a0G\u00e9n\u00e9tique \/ couleurs officielles Black :Tout le corps, est noir; la couleur peut p\u00e2lir (brunir) lorsqu&rsquo;elle est expos\u00e9e au soleil, elle peut avoir teinte \u00ab\u00a0rouille\u00a0\u00bb&hellip;<\/p>\n","protected":false},"author":1,"featured_media":0,"parent":31,"menu_order":3,"comment_status":"closed","ping_status":"closed","template":"","meta":{"footnotes":""},"class_list":["post-36","page","type-page","status-publish","hentry"],"_links":{"self":[{"href":"https:\/\/ranch19.com\/index.php?rest_route=\/wp\/v2\/pages\/36"}],"collection":[{"href":"https:\/\/ranch19.com\/index.php?rest_route=\/wp\/v2\/pages"}],"about":[{"href":"https:\/\/ranch19.com\/index.php?rest_route=\/wp\/v2\/types\/page"}],"author":[{"embeddable":true,"href":"https:\/\/ranch19.com\/index.php?rest_route=\/wp\/v2\/users\/1"}],"replies":[{"embeddable":true,"href":"https:\/\/ranch19.com\/index.php?rest_route=%2Fwp%2Fv2%2Fcomments&post=36"}],"version-history":[{"count":10,"href":"https:\/\/ranch19.com\/index.php?rest_route=\/wp\/v2\/pages\/36\/revisions"}],"predecessor-version":[{"id":160,"href":"https:\/\/ranch19.com\/index.php?rest_route=\/wp\/v2\/pages\/36\/revisions\/160"}],"up":[{"embeddable":true,"href":"https:\/\/ranch19.com\/index.php?rest_route=\/wp\/v2\/pages\/31"}],"wp:attachment":[{"href":"https:\/\/ranch19.com\/index.php?rest_route=%2Fwp%2Fv2%2Fmedia&parent=36"}],"curies":[{"name":"wp","href":"https:\/\/api.w.org\/{rel}","templated":true}]}}