{"id":48,"date":"2020-08-11T14:23:58","date_gmt":"2020-08-11T14:23:58","guid":{"rendered":"https:\/\/ranch19.com\/?page_id=48"},"modified":"2020-08-11T17:20:32","modified_gmt":"2020-08-11T17:20:32","slug":"education","status":"publish","type":"page","link":"https:\/\/ranch19.com\/?page_id=48","title":{"rendered":"Education"},"content":{"rendered":"\n<p>Nous pratiquons l&rsquo;\u00e9ducation \u00e9thologique avec tous nos chevaux.<br><br>Une fois par mois, Val\u00e9rie SIMOES, partenaire de la Cense, vient nous donner un apr\u00e8s-midi de cours \u00e9thologique.<br><br>Nous avons donc constitu\u00e9 un groupe d&rsquo;\u00e9thologie de 6\/8 personnes, afin de faire b\u00e9n\u00e9ficier de la venue de Val\u00e9rie au plus grand nombre.<br><br>Les 5 degr\u00e9s de La Cense :<br><br>1) Confiance : Travail au sol, les fondations.<br>2) Respect : Consolider les bases de la communications au sol.<br>3) Contr\u00f4le : Pr\u00e9paration au travail en selle.<br>4) Communication : D\u00e9velopper les 3 fondamentaux en selle.<br>5) Complicit\u00e9 : La communication au sol en longe.<br><br>N&rsquo;h\u00e9sitez pas \u00e0 nous contacter.<\/p>\n","protected":false},"excerpt":{"rendered":"<p>Nous pratiquons l&rsquo;\u00e9ducation \u00e9thologique avec tous nos chevaux. Une fois par mois, Val\u00e9rie SIMOES, partenaire de la Cense, vient nous donner un apr\u00e8s-midi de cours&hellip;<\/p>\n","protected":false},"author":1,"featured_media":0,"parent":0,"menu_order":0,"comment_status":"closed","ping_status":"closed","template":"","meta":{"footnotes":""},"class_list":["post-48","page","type-page","status-publish","hentry"],"_links":{"self":[{"href":"https:\/\/ranch19.com\/index.php?rest_route=\/wp\/v2\/pages\/48"}],"collection":[{"href":"https:\/\/ranch19.com\/index.php?rest_route=\/wp\/v2\/pages"}],"about":[{"href":"https:\/\/ranch19.com\/index.php?rest_route=\/wp\/v2\/types\/page"}],"author":[{"embeddable":true,"href":"https:\/\/ranch19.com\/index.php?rest_route=\/wp\/v2\/users\/1"}],"replies":[{"embeddable":true,"href":"https:\/\/ranch19.com\/index.php?rest_route=%2Fwp%2Fv2%2Fcomments&post=48"}],"version-history":[{"count":5,"href":"https:\/\/ranch19.com\/index.php?rest_route=\/wp\/v2\/pages\/48\/revisions"}],"predecessor-version":[{"id":118,"href":"https:\/\/ranch19.com\/index.php?rest_route=\/wp\/v2\/pages\/48\/revisions\/118"}],"wp:attachment":[{"href":"https:\/\/ranch19.com\/index.php?rest_route=%2Fwp%2Fv2%2Fmedia&parent=48"}],"curies":[{"name":"wp","href":"https:\/\/api.w.org\/{rel}","templated":true}]}}